Let v = 110 - 77. Suppose 167*g = 117806 - 6821 - 22809. What is the highest common factor of v and g?
33
Let y = 3311 + -3301. What is the highest common divisor of 6010 and y?
10
Suppose q + 987 = -4*m + 5712, 3*q = 3*m - 3525. What is the highest common divisor of 30 and m?
10
Suppose f = -129 + 123, f - 16948 = -2*v. What is the highest common factor of v and 49?
49
Suppose 105445 + 107201 = 42*s. What is the highest common divisor of 61 and s?
61
Let y be (3 - 26/(-2))*8. Calculate the greatest common factor of y and 48.
16
Let n(j) = -42*j**3 - 4*j**2 - 12*j - 102. Let r be n(-7). Calculate the highest common divisor of r and 4.
4
Let p be 16/(-4 + (-171)/(-42)). Calculate the greatest common factor of p and 280.
56
Suppose 3*n + 20055 = 5*a, 12033 = -69*a + 72*a - 3*n. Calculate the greatest common divisor of 21 and a.
21
Suppose -5*t - 108 = 4*g, 20 + 7 = -g + 3*t. Let l be 6/g + (-476)/(-36). Calculate the greatest common divisor of l and 104.
13
Let f(l) = 2*l - 6. Let q be f(12). Suppose -9*u - 15 = -12*u. Suppose j - q = -u*j. Calculate the highest common divisor of 24 and j.
3
Suppose 0 = -2*w + 7 - 9. Let u = w + 5. Let i = u - -45. Calculate the greatest common factor of 7 and i.
7
Suppose 28 = 3*c - 47. Let a = 27 - c. Suppose -12 = a*h - 80. What is the greatest common divisor of 51 and h?
17
Suppose w + 3*w + 216 = 7*w. Calculate the highest common factor of w and 1458.
18
Let z = -6041 + 6158. What is the highest common divisor of z and 637?
13
Suppose 2*p - 19272 = -19*o + 17*o, -2*o = -2*p - 19256. Calculate the highest common divisor of o and 32.
32
Let q be (1*(-21)/9)/(1/18). Let k = q - -226. What is the greatest common factor of k and 23?
23
Let l = 461 + -457. Suppose -3*b - 8 + 168 = -2*q, 2*q + 210 = l*b. What is the highest common factor of 360 and b?
10
Suppose -15227 + 2931 = -8*p. Suppose 12*s - p = -17*s. What is the highest common factor of s and 1?
1
Let l = 42 - 29. Let u be ((-6279)/14)/((-36)/8 - -4). What is the highest common divisor of l and u?
13
Suppose -3*y + 123 = 3*x, -y + 43 - 192 = -4*x. Suppose 12*f - 20 = 7*f. What is the greatest common factor of x and f?
2
Let h be 297 + -2*(-3)/(-6). Let j = h - 235. What is the greatest common divisor of 183 and j?
61
Let u = 13781 + -13536. What is the highest common divisor of 1435 and u?
35
Let x be (58*-1 - -2)/((-132)/924). Calculate the highest common divisor of 72 and x.
8
Let j be ((-9971)/236)/((-1)/72). Calculate the highest common factor of j and 18.
18
Suppose 400*t - 860546 = 163454. What is the greatest common divisor of t and 24?
8
Let i be (0 - -1382) + (14/49)/((-1)/21). Calculate the greatest common divisor of i and 860.
172
Let j be (1 - -1)/(-4*(-3)/66). Suppose -j*f = 8*f - 760. Calculate the greatest common factor of f and 10.
10
Let p = 11 + -6. Let g be (-7)/(-21)*18/2 + -1. Suppose -g*z + 5*d - 2 = 3, -5*z + 13 = -4*d. Calculate the highest common divisor of p and z.
5
Let d = 180 - 187. Let x = d + 32. Suppose 4*l - 10 = 3*l. What is the highest common divisor of l and x?
5
Let r(o) = o**3 - 22*o**2 + 25*o + 83. Let c be r(21). Let x = -159 + c. Calculate the greatest common divisor of 256 and x.
8
Let q = 208 - -574. Suppose 5*o = 3*k + q, 762 = 6*o - o + 2*k. What is the greatest common divisor of 231 and o?
77
Suppose 7*t = 12*t - 35. Suppose -2*m + 4*f = 3 - t, 0 = -4*m + 4*f + 8. Let d be m*(-2)/(-12)*165. What is the highest common divisor of 11 and d?
11
Suppose -11*t - 1268 = -1884. Calculate the highest common divisor of t and 120.
8
Let g be (-14)/63 + (-220)/(-18). Let m be (-3)/(-18)*3*g. Suppose -42*q = -2123 + 611. Calculate the highest common divisor of m and q.
6
Suppose 3*i + 4*g = 2*g + 43960, 29285 = 2*i - 3*g. Calculate the highest common factor of 25 and i.
25
Let c be -1 + (3 - -2) - -90. Suppose 2*b - c = 3*y, 2*b + 5*y - 160 = -b. Calculate the greatest common factor of b and 2.
2
Let l = -13074 + 13245. Calculate the greatest common factor of l and 1121.
19
Suppose -218 - 54 = -17*x. Let d = x + -1. Calculate the greatest common factor of d and 165.
15
Let q be 4/(-1)*(-54 - 0). Let j(u) = -9*u + 167. Let c be j(18). Let p be 2147/76 + c/(-4). Calculate the highest common divisor of q and p.
27
Let y(o) = 3*o**2 - 139*o - 84. Let k be y(47). What is the greatest common factor of k and 4805?
5
Let f be (52/(-12))/((-2)/6). Suppose -f = -3*d + 68. Suppose 0 = -5*j - i + 1480, 303*j = 302*j + 4*i + 317. What is the greatest common factor of j and d?
27
Suppose 0 = 8*m - 308 - 452. Let b = 36 - -83. Let x = b - 81. What is the greatest common factor of x and m?
19
Let k = -1292 - -1935. Suppose -4*s = h - 148, 4*h - k = -0*s + s. What is the greatest common factor of 32 and h?
32
Let t(x) = 123*x**2 - 1. Suppose 0 = 4*z - 72 - 44. Let l = z + -30. Let w be t(l). Calculate the highest common divisor of 61 and w.
61
Suppose 2*l + 4*c = 20 + 22, -4*l = -2*c - 104. Let w be 1210/l - 8/20. What is the highest common divisor of 12 and w?
12
Let y(b) = b**3 - 9*b**2 + 11*b + 1. Let d be y(6). Let n(i) = -47*i - 2. Let h be n(-1). Let m = d + h. What is the greatest common factor of 68 and m?
4
Suppose -3*t - g = -1957 - 746, 4*g + 1788 = 2*t. Calculate the greatest common divisor of 27 and t.
9
Suppose 2*s - 18304 = -29*s - 21*s. What is the highest common divisor of 550 and s?
22
Let h be (-13)/26 - (434/(-4) + 1). Let w = h - 90. Let i be 1880/55 + (-8)/44. What is the highest common divisor of w and i?
17
Let b = -127 - -123. Let q(s) = 10*s**2 - 3*s + 23. Let i be q(b). What is the greatest common factor of 30 and i?
15
Let f(u) = -2*u**3 + 6*u**2 - u + 2. Let d be f(-6). Suppose -9*y + y = d. Let r = y + 180. What is the highest common divisor of r and 14?
14
Let m(k) = 7*k**2 - 18*k - 63. Let l = -216 + 213. Let a be m(l). What is the highest common divisor of a and 189?
27
Suppose -104 = p - 2*p. Let u(j) = -5*j**3 - 7*j**2 + 9*j + 11. Let b be u(-5). Suppose -4*d + b = -p. Calculate the greatest common factor of 13 and d.
13
Let m be (7/7)/(-1*(-2)/1234). Let i = 1130 - m. Calculate the highest common divisor of 27 and i.
27
Let t(s) = 4*s - 5*s - 4*s**2 - s**3 - 8*s - 6 + 2*s. Let z = 1 - 7. Let f be t(z). What is the highest common factor of f and 27?
27
Suppose -68*f - 7711 = -79*f. What is the greatest common factor of f and 1?
1
Let m be (121 - (-9 + 8 + 2))*57. What is the highest common divisor of m and 72?
72
Let u(g) = -10*g + 59 + 35*g - 20*g. Let f be u(-10). Calculate the highest common divisor of 3 and f.
3
Let s(x) = 10*x + 2. Let c be s(4). Suppose -40*g = -57*g + 3128. Suppose -n = -u + 68, -47*n - g = -3*u - 48*n. What is the highest common divisor of c and u?
21
Let g = -3382 + 3393. Let z(v) = 3*v**2 + v. Let w be z(-1). Suppose -3*d - 47 = -w*y + 6, 2*y - 59 = 5*d. Calculate the highest common factor of g and y.
11
Let k = -9 + 11. Suppose k*j + 173 + 483 = 0. Let m = -190 - j. What is the highest common factor of m and 23?
23
Let x(z) = -z**3 + 7*z**2 - 10*z + 25. Let d be x(6). Let k be (-7)/(-35)*35*d*11. What is the greatest common divisor of k and 33?
11
Suppose 11*r + 324 = -193. Let c = r + 376. What is the highest common factor of c and 47?
47
Let g = 2549 + -2536. Let x(n) = -6*n**2 + n + 5. Let a(h) = h**2. Let c(b) = -3*a(b) - x(b). Let y be c(5). What is the greatest common factor of y and g?
13
Let j = 1078 - 1037. Let s(k) = -k + 4*k + 123 - k. Let a be s(0). What is the highest common factor of j and a?
41
Let c(h) = -4*h - 49. Let d be c(-14). Let u = 13 - 6. Let b be (0 + u)/(9/27). What is the greatest common factor of b and d?
7
Let t = -31382 + 31408. Calculate the greatest common factor of t and 832.
26
Let u = -115 + 118. Let l(m) = -m**3 - 25*m + 39*m - 18*m + 6*m**2 + u. Let k be l(3). What is the highest common factor of k and 90?
18
Let q = 6006 + -5966. Calculate the highest common factor of 232 and q.
8
Let l(i) = 5*i**2 - 5 + i**3 - 8*i + 4 - 5. Let a be l(-5). Suppose 50*x - b - 250 = 45*x, 56 = x + b. What is the greatest common divisor of x and a?
17
Let r = -834 + 840. Let m(t) = 22*t**2 + 17*t + 24. Let z be m(r). Calculate the highest common factor of 204 and z.
102
Let s = -29304 - -30049. What is the highest common factor of 10281 and s?
149
Let m(